{"id":11,"date":"2011-09-03T11:44:36","date_gmt":"2011-09-03T09:44:36","guid":{"rendered":"http:\/\/showmasters-whippets.de\/wordpress\/?page_id=11"},"modified":"2012-01-30T17:25:50","modified_gmt":"2012-01-30T16:25:50","slug":"uber-mich","status":"publish","type":"page","link":"http:\/\/www.showmasters-whippets.de\/?page_id=11","title":{"rendered":"\u00dcber mich"},"content":{"rendered":"<p><em>\u201eSeit 1991 ein leben mit Whippets\u201c<\/em><\/p>\n<p>Sehr geehrte Besucherin, sehr geehrter Besucher,<br \/>mein Name ist Jens Alexander Fischer und seit fr\u00fchester Kindheit bin ich ein Hundenarr und wollte immer einen Hund haben. Mit 9 Jahren hatte ich mein Ziel erreicht und unser erster Hund zog in unser Haus, ein Zwergschnauzer, ihm folgten ein deutscher Pinscher und ein Rauhaardackel.<\/p>\n<p>Erst nach einer Hundepause von einem Jahr fand ich zu meiner Hunderasse den &#8211; Whippet.<br \/>Im Jahre 1991 entfachte meine Leidenschaft f\u00fcr die Rasse als ich diese das erste Mal auf einer Windhundausstellung in Braunschweig sah.<br \/>Es wurden Hundeb\u00fccher gew\u00e4lzt und Kontakt zu einem Z\u00fcchter aufgenommen.<br \/>Kurz darauf zog der mittlerweile verstorbene \u201eBonapart\u201c, mein erster Whippet, bei uns ein. Wie es bei Whippetliebhabern immer wieder zu beobachten ist, bleibt es meist nicht bei einem &#8211; so auch bei mir. Aus eins mach vier, da wird es auf dem Sofa schon mal eng. Nach dem Erwerb meiner ersten H\u00fcndin, lie\u00df ich meinen Zwingernamen &#8211; Showmaster`s &#8211; durch die FCI international sch\u00fctzen. Ich z\u00fcchte im Whippet Club Deutschland 1990 eV (WCD), der Mitglied des Verbandes f\u00fcr das Deutsche Hundewesen (VDH) ist. Es stellten sich nach kurzer Zeit auch die ersten Erfolge auf Ausstellungen ein. So wurde mein R\u00fcde Showstar Mighty Hunter Deutscher Champion und auch meine H\u00fcndinnen weisen die ersten Erfolge im Ring auf.<\/p>\n<p>Mein Ziel ist die Zucht gesunder, Menschenbezogener und standard-gerechter Whippets, die sich als Familienhunde bew\u00e4hren und auch im Show-Ring eine gute Figur machen.<\/p>\n<p>Da meine Whippets mit mir im Haus und Garten leben und ich Wert auf eine gute Aufzucht lege, werden bei mir maximal 1 &#8211; 2 W\u00fcrfe im Jahr fallen.<\/p>\n<p>Sollte das Interesse an der wundervollen Rasse Whippet geweckt worden sein und Sie Kontakt zu mir aufnehmen m\u00f6chten, so sind sie nach telefonischer Absprache- in meinem Haus herzlich willkommen. F\u00fcr Nachfragen zur Rasse stehe ich gerne zur Verf\u00fcgung. Auf folgenen Seiten sehen sie Hunde aus meinem Besitz, sollten sie fragen zu meinen Hunden oder meinen Wurfpl\u00e4nen haben, setzen sie sich mit mir in Verbindung.<\/p>\n<p style=\"text-align: center;\"><img decoding=\"async\" class=\" aligncenter\" src=\"http:\/\/showmasters-whippets.de\/wp-content\/uploads\/2011\/09\/bonapard.jpg\" alt=\"\" \/><\/p>\n","protected":false},"excerpt":{"rendered":"<p>\u201eSeit 1991 ein leben mit Whippets\u201c Sehr geehrte Besucherin, sehr geehrter Besucher,mein Name ist Jens Alexander Fischer und seit fr\u00fchester Kindheit bin ich ein Hundenarr und wollte immer einen Hund haben. Mit 9 Jahren hatte ich mein Ziel erreicht und &hellip; <a href=\"http:\/\/www.showmasters-whippets.de\/?page_id=11\">Weiterlesen <span class=\"meta-nav\">&rarr;<\/span><\/a><\/p>\n","protected":false},"author":2,"featured_media":0,"parent":0,"menu_order":2,"comment_status":"closed","ping_status":"open","template":"","meta":{"ngg_post_thumbnail":0,"footnotes":"","_links_to":"","_links_to_target":""},"class_list":["post-11","page","type-page","status-publish","hentry"],"_links":{"self":[{"href":"http:\/\/www.showmasters-whippets.de\/index.php?rest_route=\/wp\/v2\/pages\/11","targetHints":{"allow":["GET"]}}],"collection":[{"href":"http:\/\/www.showmasters-whippets.de\/index.php?rest_route=\/wp\/v2\/pages"}],"about":[{"href":"http:\/\/www.showmasters-whippets.de\/index.php?rest_route=\/wp\/v2\/types\/page"}],"author":[{"embeddable":true,"href":"http:\/\/www.showmasters-whippets.de\/index.php?rest_route=\/wp\/v2\/users\/2"}],"replies":[{"embeddable":true,"href":"http:\/\/www.showmasters-whippets.de\/index.php?rest_route=%2Fwp%2Fv2%2Fcomments&post=11"}],"version-history":[{"count":9,"href":"http:\/\/www.showmasters-whippets.de\/index.php?rest_route=\/wp\/v2\/pages\/11\/revisions"}],"predecessor-version":[{"id":40,"href":"http:\/\/www.showmasters-whippets.de\/index.php?rest_route=\/wp\/v2\/pages\/11\/revisions\/40"}],"wp:attachment":[{"href":"http:\/\/www.showmasters-whippets.de\/index.php?rest_route=%2Fwp%2Fv2%2Fmedia&parent=11"}],"curies":[{"name":"wp","href":"https:\/\/api.w.org\/{rel}","templated":true}]}}