{"id":14,"date":"2011-09-03T11:45:22","date_gmt":"2011-09-03T09:45:22","guid":{"rendered":"http:\/\/showmasters-whippets.de\/wordpress\/?page_id=14"},"modified":"2020-07-29T23:16:53","modified_gmt":"2020-07-29T21:16:53","slug":"unsere-hunde","status":"publish","type":"page","link":"http:\/\/www.showmasters-whippets.de\/?page_id=14","title":{"rendered":"Unsere Hunde"},"content":{"rendered":"<table style=\"width: 100%; height: 1118px;\" border=\"0\">\n<tbody>\n<tr dir=\"ltr\">\n<td dir=\"ltr\" colspan=\"2\"><img loading=\"lazy\" decoding=\"async\" class=\"alignleft\" title=\"fibi3k\" src=\"http:\/\/showmasters-whippets.de\/wp-content\/uploads\/2011\/09\/fibi3k.jpg\" alt=\"\" width=\"200\" height=\"141\"><\/p>\n<p>&nbsp;<\/p>\n<p><strong>Forever Blue Fiona May<\/strong><br \/>\nH\u00fcndin<\/p>\n<p>geb. 03.11.2003<a title=\"Weitere Informationen\" href=\"http:\/\/thewhippetarchives.net\/details.php?id=16001\" target=\"_blank\" rel=\"noopener noreferrer\">http:\/\/thewhippetarchives.net\/details.php?id=16001<\/a><\/td>\n<\/tr>\n<tr>\n<td dir=\"ltr\"><img decoding=\"async\" class=\"alignleft\" src=\"http:\/\/showmasters-whippets.de\/wp-content\/uploads\/2011\/09\/jazz2009k.jpg\" alt=\"\"><strong>Showmaster\u00b4s All About Jazz<\/strong><br \/>\nR\u00fcdegeb. 04.04.2006<a title=\"Weitere Informationen\" href=\"http:\/\/thewhippetarchives.net\/details.php?id=48951\">http:\/\/thewhippetarchives.net\/details.php?id=48951<\/a><\/td>\n<td dir=\"ltr\">&nbsp;<\/td>\n<\/tr>\n<tr>\n<td dir=\"ltr\"><img decoding=\"async\" class=\"alignleft\" src=\"http:\/\/showmasters-whippets.de\/wp-content\/uploads\/2011\/09\/baccara2009k.jpg\" alt=\"\"><strong>Showmaster\u00b4s Baccara<\/strong><br \/>\nH\u00fcndingeb. 04.12.2006<a title=\"Weitere Informationen\" href=\"http:\/\/thewhippetarchives.net\/details.php?id=16004\" target=\"_blank\" rel=\"noopener noreferrer\">http:\/\/thewhippetarchives.net\/details.php?id=16004<\/a><\/td>\n<td dir=\"ltr\"><strong>&nbsp;<\/strong><\/td>\n<\/tr>\n<tr>\n<td dir=\"ltr\"><img decoding=\"async\" class=\"alignleft\" src=\"http:\/\/showmasters-whippets.de\/wp-content\/uploads\/2011\/09\/creme2010k.jpg\" alt=\"\"><strong>Showmaster\u00b4s Cr\u00e8me de la Cr\u00e8me<\/strong><br \/>\nH\u00fcndingeb. 27.08.2007<a title=\"Weitere Informationen\" href=\"http:\/\/thewhippetarchives.net\/details.php?id=48952\" target=\"_blank\" rel=\"noopener noreferrer\">http:\/\/thewhippetarchives.net\/details.php?id=48952<\/a><\/td>\n<td dir=\"ltr\"><strong>&nbsp;<\/strong><\/td>\n<\/tr>\n<tr>\n<td dir=\"ltr\"><img decoding=\"async\" class=\"alignleft\" src=\"http:\/\/showmasters-whippets.de\/wp-content\/uploads\/2011\/09\/flywithme2010k.jpg\" alt=\"\"><strong>Showmaster\u00b4s Fly With Me<\/strong><br \/>\nH\u00fcndingeb. 23.10.2009<a title=\"Weitere Informationen\" href=\"http:\/\/thewhippetarchives.net\/details.php?id=85461\" target=\"_blank\" rel=\"noopener noreferrer\">http:\/\/thewhippetarchives.net\/details.php?id=85461<\/a><\/td>\n<td dir=\"ltr\">&nbsp;<\/td>\n<\/tr>\n<\/tbody>\n<\/table>\n<p>&nbsp;<\/p>\n<p><b><img loading=\"lazy\" decoding=\"async\" class=\"alignnone size-medium wp-image-1270\" src=\"http:\/\/www.showmasters-whippets.de\/wp-content\/uploads\/2013\/12\/31120668_1640340109354118_8308597513804316672_n-e1541020899357-300x200.jpg\" alt=\"\" width=\"300\" height=\"200\" srcset=\"http:\/\/www.showmasters-whippets.de\/wp-content\/uploads\/2013\/12\/31120668_1640340109354118_8308597513804316672_n-e1541020899357-300x200.jpg 300w, http:\/\/www.showmasters-whippets.de\/wp-content\/uploads\/2013\/12\/31120668_1640340109354118_8308597513804316672_n-e1541020899357-768x512.jpg 768w, http:\/\/www.showmasters-whippets.de\/wp-content\/uploads\/2013\/12\/31120668_1640340109354118_8308597513804316672_n-e1541020899357-450x300.jpg 450w, http:\/\/www.showmasters-whippets.de\/wp-content\/uploads\/2013\/12\/31120668_1640340109354118_8308597513804316672_n-e1541020899357.jpg 960w\" sizes=\"auto, (max-width: 300px) 100vw, 300px\" \/>Showmaster\u00b4s Nextgenerion&nbsp;<\/b><\/p>\n<p>&nbsp; &nbsp; &nbsp; &nbsp; &nbsp; &nbsp; &nbsp; &nbsp; &nbsp; &nbsp; &nbsp; &nbsp; &nbsp; &nbsp; &nbsp; &nbsp; &nbsp; &nbsp; &nbsp; &nbsp; &nbsp; &nbsp; &nbsp; &nbsp; &nbsp; &nbsp; &nbsp; &nbsp; &nbsp; &nbsp; &nbsp; &nbsp; &nbsp; &nbsp; &nbsp; &nbsp; &nbsp; &nbsp; H\u00fcndin geb. 19.12.2016&nbsp;<\/p>\n<p><img loading=\"lazy\" decoding=\"async\" class=\"alignnone size-medium wp-image-1367\" src=\"http:\/\/www.showmasters-whippets.de\/wp-content\/uploads\/2020\/01\/21-300x225.jpg\" alt=\"\" width=\"300\" height=\"225\" srcset=\"http:\/\/www.showmasters-whippets.de\/wp-content\/uploads\/2020\/01\/21-300x225.jpg 300w, http:\/\/www.showmasters-whippets.de\/wp-content\/uploads\/2020\/01\/21-768x576.jpg 768w, http:\/\/www.showmasters-whippets.de\/wp-content\/uploads\/2020\/01\/21-400x300.jpg 400w, http:\/\/www.showmasters-whippets.de\/wp-content\/uploads\/2020\/01\/21.jpg 875w\" sizes=\"auto, (max-width: 300px) 100vw, 300px\" \/><\/p>\n<p><strong>&nbsp; &nbsp; &nbsp; &nbsp; &nbsp; &nbsp; &nbsp; &nbsp; &nbsp; &nbsp; &nbsp; &nbsp; &nbsp; &nbsp; &nbsp; &nbsp; &nbsp; &nbsp; &nbsp; &nbsp; &nbsp; &nbsp; &nbsp; &nbsp; &nbsp; &nbsp; &nbsp; &nbsp; &nbsp; &nbsp; &nbsp; &nbsp; &nbsp; &nbsp; &nbsp; &nbsp; &nbsp;Showmaster\u00b4s Mystify<\/strong><br \/>\n&nbsp; &nbsp; &nbsp; &nbsp; &nbsp; &nbsp; &nbsp; &nbsp; &nbsp; &nbsp; &nbsp; &nbsp; &nbsp; &nbsp; &nbsp; &nbsp; &nbsp; &nbsp; &nbsp; &nbsp; &nbsp; &nbsp; &nbsp; &nbsp; &nbsp; &nbsp; &nbsp; &nbsp; &nbsp; &nbsp; &nbsp; &nbsp; &nbsp; &nbsp; &nbsp; &nbsp; &nbsp;H\u00fcndin geb.26.09.2016<\/p>\n<p><img loading=\"lazy\" decoding=\"async\" class=\"alignnone size-medium wp-image-1279\" src=\"http:\/\/www.showmasters-whippets.de\/wp-content\/uploads\/2018\/10\/37592911_2101863356693710_1424767899079278592_n-300x225.jpg\" alt=\"\" width=\"300\" height=\"225\" srcset=\"http:\/\/www.showmasters-whippets.de\/wp-content\/uploads\/2018\/10\/37592911_2101863356693710_1424767899079278592_n-300x225.jpg 300w, http:\/\/www.showmasters-whippets.de\/wp-content\/uploads\/2018\/10\/37592911_2101863356693710_1424767899079278592_n-768x576.jpg 768w, http:\/\/www.showmasters-whippets.de\/wp-content\/uploads\/2018\/10\/37592911_2101863356693710_1424767899079278592_n-400x300.jpg 400w, http:\/\/www.showmasters-whippets.de\/wp-content\/uploads\/2018\/10\/37592911_2101863356693710_1424767899079278592_n.jpg 960w\" sizes=\"auto, (max-width: 300px) 100vw, 300px\" \/><\/p>\n<p><strong>&nbsp; &nbsp; &nbsp; &nbsp; &nbsp; &nbsp; &nbsp; &nbsp; &nbsp; &nbsp; &nbsp; &nbsp; &nbsp; &nbsp; &nbsp; &nbsp; &nbsp; &nbsp; &nbsp; &nbsp; &nbsp; &nbsp; &nbsp; &nbsp; &nbsp; &nbsp; &nbsp; &nbsp; &nbsp; &nbsp; &nbsp; &nbsp; &nbsp; &nbsp; &nbsp; &nbsp; &nbsp; Laura Biagotti of Gentle Mind<\/strong><br \/>\n&nbsp; &nbsp; &nbsp; &nbsp; &nbsp; &nbsp; &nbsp; &nbsp; &nbsp; &nbsp; &nbsp; &nbsp; &nbsp; &nbsp; &nbsp; &nbsp; &nbsp; &nbsp; &nbsp; &nbsp; &nbsp; &nbsp; &nbsp; &nbsp; &nbsp; &nbsp; &nbsp; &nbsp; &nbsp; &nbsp; &nbsp; &nbsp; &nbsp; &nbsp; &nbsp; &nbsp; &nbsp; H\u00fcndin geb. 17.01.2018<\/p>\n<p>&nbsp;<\/p>\n<p><img loading=\"lazy\" decoding=\"async\" class=\"alignnone size-medium wp-image-1417\" src=\"http:\/\/www.showmasters-whippets.de\/wp-content\/uploads\/2020\/07\/70496505_326047048183243_7801706620286664704_n-1-187x300.jpg\" alt=\"\" width=\"187\" height=\"300\" srcset=\"http:\/\/www.showmasters-whippets.de\/wp-content\/uploads\/2020\/07\/70496505_326047048183243_7801706620286664704_n-1-187x300.jpg 187w, http:\/\/www.showmasters-whippets.de\/wp-content\/uploads\/2020\/07\/70496505_326047048183243_7801706620286664704_n-1.jpg 535w\" sizes=\"auto, (max-width: 187px) 100vw, 187px\" \/><\/p>\n<p><strong>&nbsp; &nbsp; &nbsp; &nbsp; &nbsp; &nbsp; &nbsp; &nbsp; &nbsp; &nbsp; &nbsp; &nbsp; &nbsp; &nbsp; &nbsp; &nbsp; &nbsp; &nbsp; &nbsp; &nbsp; &nbsp; &nbsp; &nbsp; &nbsp; &nbsp; &nbsp; &nbsp; &nbsp; &nbsp; &nbsp; &nbsp; &nbsp; &nbsp; &nbsp; &nbsp; &nbsp; Showmaster\u00b4s Prada<\/strong><br \/>\n&nbsp; &nbsp; &nbsp; &nbsp; &nbsp; &nbsp; &nbsp; &nbsp; &nbsp; &nbsp; &nbsp; &nbsp; &nbsp; &nbsp; &nbsp; &nbsp; &nbsp; &nbsp; &nbsp; &nbsp; &nbsp; &nbsp; &nbsp; &nbsp; &nbsp; &nbsp; &nbsp; &nbsp; &nbsp; &nbsp; &nbsp; &nbsp; &nbsp; &nbsp; &nbsp; &nbsp; &nbsp;H\u00fcndin geb. 23.12.2018<\/p>\n","protected":false},"excerpt":{"rendered":"<p>&nbsp; Forever Blue Fiona May H\u00fcndin geb. 03.11.2003http:\/\/thewhippetarchives.net\/details.php?id=16001 Showmaster\u00b4s All About Jazz R\u00fcdegeb. 04.04.2006http:\/\/thewhippetarchives.net\/details.php?id=48951 &nbsp; Showmaster\u00b4s Baccara H\u00fcndingeb. 04.12.2006http:\/\/thewhippetarchives.net\/details.php?id=16004 &nbsp; Showmaster\u00b4s Cr\u00e8me de la Cr\u00e8me H\u00fcndingeb. 27.08.2007http:\/\/thewhippetarchives.net\/details.php?id=48952 &nbsp; Showmaster\u00b4s Fly With Me H\u00fcndingeb. 23.10.2009http:\/\/thewhippetarchives.net\/details.php?id=85461 &nbsp; &nbsp; Showmaster\u00b4s Nextgenerion&nbsp; &nbsp; &nbsp; &hellip; <a href=\"http:\/\/www.showmasters-whippets.de\/?page_id=14\">Weiterlesen <span class=\"meta-nav\">&rarr;<\/span><\/a><\/p>\n","protected":false},"author":2,"featured_media":0,"parent":0,"menu_order":6,"comment_status":"closed","ping_status":"open","template":"","meta":{"ngg_post_thumbnail":0,"footnotes":"","_links_to":"","_links_to_target":""},"class_list":["post-14","page","type-page","status-publish","hentry"],"_links":{"self":[{"href":"http:\/\/www.showmasters-whippets.de\/index.php?rest_route=\/wp\/v2\/pages\/14","targetHints":{"allow":["GET"]}}],"collection":[{"href":"http:\/\/www.showmasters-whippets.de\/index.php?rest_route=\/wp\/v2\/pages"}],"about":[{"href":"http:\/\/www.showmasters-whippets.de\/index.php?rest_route=\/wp\/v2\/types\/page"}],"author":[{"embeddable":true,"href":"http:\/\/www.showmasters-whippets.de\/index.php?rest_route=\/wp\/v2\/users\/2"}],"replies":[{"embeddable":true,"href":"http:\/\/www.showmasters-whippets.de\/index.php?rest_route=%2Fwp%2Fv2%2Fcomments&post=14"}],"version-history":[{"count":37,"href":"http:\/\/www.showmasters-whippets.de\/index.php?rest_route=\/wp\/v2\/pages\/14\/revisions"}],"predecessor-version":[{"id":1420,"href":"http:\/\/www.showmasters-whippets.de\/index.php?rest_route=\/wp\/v2\/pages\/14\/revisions\/1420"}],"wp:attachment":[{"href":"http:\/\/www.showmasters-whippets.de\/index.php?rest_route=%2Fwp%2Fv2%2Fmedia&parent=14"}],"curies":[{"name":"wp","href":"https:\/\/api.w.org\/{rel}","templated":true}]}}